 tens digit of z(5)?
6
What is the tens digit of ((-26)/3)/(11710/(-900) + 13)?
8
Let r(n) = n**2 - n - 1. Let w(h) = 2*h**2 - 7*h - 5. Let z(g) = 4*r(g) - w(g). Let v be z(-2). Suppose v*d = -0*d + 129. What is the units digit of d?
3
Suppose -3*s + 9 = n - 3, 4*n + s - 26 = 0. What is the hundreds digit of 30/25*830/n?
1
Let x(q) = -104*q - 106. What is the tens digit of x(-26)?
9
Let m = -348 + 2293. What is the thousands digit of m?
1
Let j = 1286 - 825. Suppose -j = -2*u - x - 2*x, -x + 674 = 3*u. What is the hundreds digit of u?
2
Let p(a) = 69*a + 28. What is the units digit of p(6)?
2
Let p(q) = 3*q**2 + 2*q - 2. Let v be p(-3). Suppose -2*d + 570 = 2*h, -5*h = -v - 1. Suppose 0 = -5*c + d - 16. What is the units digit of c?
3
Let y = 3148 + -717. What is the hundreds digit of y?
4
Suppose -j + 4*w = -209, -w + 3*w = 5*j - 991. Let u = 292 - j. What is the units digit of u?
5
Let h = 51 - 47. Let m = 26 + h. What is the tens digit of m?
3
What is the tens digit of (-136)/(-3 + 8 + -6)?
3
Let z = 1586 - 803. What is the units digit of z?
3
Suppose 8*j + 15 = 3*j, -5*o + 3*j + 409 = 0. What is the tens digit of o?
8
Let v be (-14)/(-8) - (-3)/12. Suppose -v - 3 = -u. Suppose 0 = u*o - 25, j - 35 = -o + 7. What is the tens digit of j?
3
Let x(t) = 2*t**2 + 18*t + 14. Let a(w) = -w. Let c(n) = 4*a(n) + x(n). What is the tens digit of c(-10)?
7
Suppose 4*d - 1423 = -4*q + 169, 0 = -3*q + 2*d + 1214. What is the units digit of q?
2
What is the tens digit of 44/(((-10)/(-75))/(20/6))?
0
Suppose -2*n = -4*n + 2446. What is the hundreds digit of n?
2
Let o(v) = v**3 - 8*v**2 + 14*v - 23. Let q(p) = 14*p + 3*p**2 + p**3 + 1 - 12*p**2 - 23. Let k(f) = -4*o(f) + 5*q(f). What is the units digit of k(12)?
6
Let k(j) = j**3 - 18*j**2 + 28*j - 18. What is the thousands digit of k(21)?
1
Let w(x) = x**2 - 6. Let l be w(0). Suppose -9*v + 161 + 64 = 0. Let t = l + v. What is the tens digit of t?
1
Let n = -35 - -76. Let b = n + 73. What is the hundreds digit of b?
1
Let j(m) = -m**3 - 3*m**2 + 4*m - 4. Let n be j(-4). Let g(a) = -18*a + 2. What is the units digit of g(n)?
4
Let f(k) = 15*k - 24*k - 4*k**2 - k**2 + 3*k**2. Let m be f(-6). Let z = m + 37. What is the tens digit of z?
1
Suppose x + 53 = 4*u, -4*u + 7*u - 40 = x. Suppose -4*q + u = -3. Suppose -q*c - c = -165. What is the tens digit of c?
3
Let a be ((-5260)/8)/(-5)*2 - -3. Let t = 419 - a. What is the units digit of t?
3
Let q = -105 - -220. Let h = q - 12. What is the hundreds digit of h?
1
Let t = 29 + -24. Suppose 5*y + 90 = t*h, -72 = -4*h + 2*y - 4*y. What is the units digit of h?
8
Let l(u) = u - 16. Let w be l(18). Suppose -2*i = -r - 108, 2*i - 108 = w*r + 2*r. What is the units digit of i?
4
What is the tens digit of 300/((-48)/9 - -6)?
5
Suppose 0 = -2*l - 5*f + 28 + 2, -5*l + f = -75. Suppose -c + 18 = -h - l, -3*h + 93 = 3*c. What is the tens digit of -3 + c + (0 - -4)?
3
Suppose 4*s - 5*s + 3 = x, -x - 3 = -2*s. Suppose 5*l - 4*b - 245 = b, 0 = s*l + 5*b - 70. Let p = l + -24. What is the tens digit of p?
2
Let n be 0 + 4 + -8 - -6. What is the units digit of -1*n/(-6)*18?
6
Let t be (-2 + (1 - -8))/1. Suppose t = 4*y - g, -17 = -5*y - 0*y + 4*g. Let m = y - -24. What is the tens digit of m?
2
Let y be -5*(-6)/15 - 2. Suppose y*a + 4*a = 336. Suppose 2*u - a + 10 = 0. What is the tens digit of u?
3
Suppose 3*c - 1 = -5*j, -11 = -5*c + 5*j - 4*j. Suppose -c*i = -0*i - 308. What is the tens digit of i?
5
Let q(w) = -w**2 + 10*w - 10. Let g be q(6). Let u = g - 5. What is the tens digit of (u/6)/(3/82)?
4
Suppose -5*g = -2*n + 549, 5*n + 858 = 8*n + 4*g. What is the hundreds digit of n?
2
Let p(s) = 94*s**2 - 74*s - 8. What is the units digit of p(-5)?
2
Suppose 4*s = 3*k - 325, -2*s + 337 = 3*k - 0*s. Suppose y + 3*l = k, -204 - 103 = -3*y + 4*l. What is the units digit of y?
5
Suppose 7 = 3*a + 5*b, 10*a = 6*a + 5*b + 56. What is the units digit of ((-9)/(-15) - 1)/(a/(-3285))?
6
Let y(l) = -50*l + 217. What is the hundreds digit of y(-8)?
6
Let t be 2/(-7) + 150/(-14). Let q(m) = -m - 1. Let a be q(t). Let v = a - -3. What is the tens digit of v?
1
Suppose 10*r = 5*r + 645. What is the tens digit of (8/24)/(1/r)?
4
Let z = 1800 + -795. What is the thousands digit of z?
1
Let o(v) = 132*v - 153. What is the hundreds digit of o(20)?
4
Let h(k) = k**3 - 9*k**2 - 18*k + 31. What is the tens digit of h(12)?
4
Suppose -10*m + 124 = 24. Suppose -11*l + m*l + 173 = 0. What is the hundreds digit of l?
1
Let w = 22 + -20. Suppose -4*r + 3*d + 5 = 0, -w*r - d - 5 = -4*d. Suppose -10*m + 125 = -r*m. What is the units digit of m?
5
Let y(s) = -10*s + 3. Let u(o) = o - 4. Let i be u(0). Let w be 0 - -3 - (-20)/i. What is the tens digit of y(w)?
2
Let i = -1 - -2. Let o(y) = y + 1. Let c be o(i). Suppose c*h + 96 = 6*h. What is the units digit of h?
4
Suppose -4*y = -2*y - 8. Suppose 4*g = 7*g + 15, y*q - g = 161. What is the units digit of q?
9
Suppose -12*v = -14249 - 9607. What is the tens digit of v?
8
Let s(l) = 20*l + 2. Let p be s(1). Suppose 4*f + 2 = p. Suppose f*o = 48 - 18. What is the units digit of o?
6
Let d(y) = 2*y**2 + 3*y + 4. Let h be (-9)/2 + -7 + (-91)/(-14). What is the units digit of d(h)?
9
Suppose -3 + 12 = 3*v. Let j be (-112)/(-24) - (-1)/v. Suppose -5*f + 2*f + 245 = j*u, 5*f + 98 = 2*u. What is the units digit of u?
9
Suppose -704*z - 4524 = -706*z. What is the hundreds digit of z?
2
Let v be ((-80)/30)/(1/(-6)). Suppose -v = 5*b - 3*c - 66, 4*c = -20. What is the units digit of (-2 - (-3)/1)*b?
7
Let q(s) = -5*s - 5. Let a(r) = r**2 - 3*r + 1. Let n(x) = -x**2 + 2*x - 1. Let h(w) = 3*a(w) + 4*n(w). Let l be h(-3). What is the units digit of q(l)?
0
What is the hundreds digit of 44940/70 - (2 - 1)?
6
Suppose 5*z + 300 = 11*z. What is the units digit of z?
0
Suppose -8*v = -14*v - 1056. Let u = -50 - v. What is the hundreds digit of u?
1
Let k(b) = -24*b - 40. What is the tens digit of k(-14)?
9
Let c(b) = b**2 + 7*b - 5. Let f be c(-7). Let v = 9 + f. Suppose -o = 3*d - 17, o - 18 = -v*d + 1. What is the tens digit of o?
1
What is the hundreds digit of (9*(-92 - -1))/(-1)?
8
Let w(b) = -2*b + 22. Let v be w(8). Suppose -30 = -v*u + 978. What is the hundreds digit of u?
1
Let s be (-35)/2*(-456)/95. Suppose -3*g = h - 48, -4*h + s = -2*h + 3*g. What is the tens digit of h?
3
Suppose 5*l = 2*d - 1530, d - l - 751 = -2*l. What is the units digit of d?
5
Suppose -5*z - 2*k + 70 = -0*k, 4*z = -3*k + 49. Suppose -h - 3*l = -0*h + 13, -2*l - z = -3*h. What is the units digit of (-6)/(h - (-21)/(-6))?
4
Let i(l) = -l**3 - 2*l**2 + 3*l. Let o be i(-3). Let k be 6 + -9 - (o + 1). What is the units digit of k/(-6)*(31 - -5)?
4
Let t(v) = -11*v**3 - 23*v**2 - 12*v + 41. Let c(o) = 4*o**3 + 8*o**2 + 4*o - 14. Let y(w) = 8*c(w) + 3*t(w). What is the units digit of y(-5)?
1
Let q = 20 - 17. Suppose 20 = q*k + k. What is the units digit of k?
5
What is the thousands digit of (18 + 115452/90)/(4/10)?
3
Let k = -17 + 42. Let j(v) = v + 1. Let l be j(-6). Let g = k + l. What is the tens digit of g?
2
Suppose -131*o + 126*o = -2500. What is the hundreds digit of o?
5
Let b(n) = -n**2 + 605. Let q be b(0). Suppose -8*c = -3*c - q. What is the hundreds digit of c?
1
Let l = 3784 + -1044. What is the units digit of l?
0
Let r = -25 + 15. Let q = r - -15. Suppose 3 + 27 = q*i. What is the units digit of i?
6
Suppose 5*c - 170 = -a, 2*a = 3*c - 2*a - 79. Let n(v) = v**2 - 10*v + 35. Let g be n(6). Let r = c - g. What is the tens digit of r?
2
Let c(l) = 8 - 12*l**3 - 6 - 1. Let v be c(-1). Suppose 5*w - v = 22. What is the units digit of w?
7
Suppose 2*u + 477 = 6*u + k, -4*k - 570 = -5*u. What is the units digit of u?
8
Suppose 0 = -3*f + 72 + 105. Let m = 91 - f. What is the units digit of m?
2
Let s(h) = -h**3 - 14*h**2 + 7*h - 19. Let x = 78 - 93. What is the units digit of s(x)?
1
Let x be 2 + 1 - 800/10. Let b = -3 - x. Suppose 22 - b = -2*g. What is the tens digit of g?
2
Let n be (-2)/(-3*(-3)/(-18)). Let v be 1/(n + (-44)/12). Suppose -1 - 5 = -v*l, 3 = 5*z - l. What is the units digit of z?
1
Suppose 4*v = -5*p + 12841, -4*v = -p + 4330 - 1781. What is the units digit of p?
5
Let t = -36 + 82. Suppose 0 = 2*u + 4*r + t, -3*u - r - r = 49. Let s(b) = -b. What is the tens di